1
-36468 (base 11) to base 12
-26443
3a61720 (base 12) to base 16
b098c8
-648830 (base 9) to base 10
-387045
10421310 (base 6) to base 16
4ca6a
What is 25213263 (base 7) in base 4?
20222310012
What is 123106215 (base 7) in base 4?
131230112001
Convert -607297 (base 12) to base 7.
-15540121
Convert 12817 (base 9) to base 12.
5037
Convert -37152 (base 8) to base 2.
-11111001101010
Convert 6252166 (base 9) to base 3.
20021202012020
Convert -1968833 (base 13) to base 4.
-133320231332
What is -3631c4 (base 16) in base 14?
-6864ba
What is 10002012102 (base 3) in base 14?
18165
405e49 (base 16) to base 13
b49126
What is 112144453 (base 6) in base 5?
1012114430
80011 (base 9) to base 12
2646a
Convert -1b1048 (base 12) to base 16.
-74df8
-1122333 (base 6) to base 13
-20298
Convert 217d61 (base 16) to base 3.
11010111200100
Convert 20121221122 (base 3) to base 14.
35782
-20332036 (base 8) to base 5
-2100242300
Convert a2a32 (base 15) to base 14.
d5b0d
What is -3057391 (base 11) in base 3?
-101011020012122
What is -551868 (base 9) in base 12?
-13a815
Convert 50504112 (base 6) to base 11.
8a3548
-a88f8 (base 16) to base 9
-1262067
-4ad6de (base 16) to base 10
-4904670
Convert -1112e (base 15) to base 16.
-d3fd
Convert -555535 (base 7) to base 4.
-113323222
What is -8c1bc5 (base 14) in base 2?
-10010001100001110010001
What is -b11b7 (base 12) in base 16?
-382db
Convert 10341141 (base 6) to base 8.
1132765
2146740 (base 11) to base 8
16306336
What is -1441034120 (base 5) in base 13?
-a48846
What is -235935 (base 14) in base 12?
-4a21b7
Convert -111867a (base 11) to base 4.
-13132030322
What is 16561747 (base 9) in base 7?
130420210
71363 (base 12) to base 11
a0809
What is 1110110111110101111100 (base 2) in base 4?
32313311330
432201224 (base 5) to base 9
3405484
Convert -2441314221 (base 5) to base 12.
-1b40950
13075673 (base 8) to base 3
12111002222120
What is -28a1b (base 13) in base 16?
-12a7c
What is 136675 (base 10) in base 2?
100001010111100011
Convert -22670350 (base 9) to base 6.
-1032221413
-e8c44a (base 15) to base 16
-a90858
What is -1031101320 (base 4) in base 16?
-4d478
What is 14453c3 (base 13) in base 15?
8727bb
What is 1119937 (base 12) in base 15?
44992d
Convert -1026174 (base 8) to base 9.
-456184
Convert 374a70 (base 16) to base 8.
15645160
-479c2 (base 14) to base 3
-22212210022
What is 2117a0a (base 11) in base 2?
1110001110011111000111
What is -11431421 (base 6) in base 4?
-1120113211
Convert -21002002202101 (base 3) to base 5.
-1430331321
Convert 35139a9 (base 12) to base 9.
21221153
-23a9a32 (base 12) to base 4
-122133002012
What is 6636525 (base 7) in base 15?
111cc6
Convert 52016012 (base 7) to base 6.
233221305
-5c4a3 (base 13) to base 3
-22122011111
Convert 10011121120210 (base 3) to base 16.
19b699
What is -cd89 (base 14) in base 12?
-18725
2212211201102 (base 3) to base 5
343012103
Convert 786449 (base 10) to base 16.
c0011
Convert -112343201 (base 6) to base 2.
-111111100010100110001
What is 7320140 (base 9) in base 8?
16725511
What is 1292c2 (base 13) in base 5?
103324214
-149cd8 (base 14) to base 16
-af786
308464 (base 11) to base 10
494355
What is a7543 (base 11) in base 10?
156379
-6372627 (base 12) to base 5
-14303440103
Convert -337450 (base 10) to base 8.
-1223052
-104166 (base 8) to base 12
-18272
What is -51544154 (base 6) in base 15?
-1e6d24
-111000220200220 (base 3) to base 10
-6926739
-566364 (base 10) to base 14
-10a588
c3c22a (base 13) to base 7
53553413
341121514 (base 6) to base 12
20b929a
What is -1210030431 (base 5) in base 10?
-2814491
-215552 (base 6) to base 11
-126a1
What is 5a994a4 (base 12) in base 2?
1000011001110000001111100
-a55c5 (base 14) to base 4
-1201122321
Convert -1715228 (base 9) to base 12.
-3a0922
What is -110609 (base 16) in base 9?
-2080348
-20d21 (base 16) to base 11
-92002
What is -111100010000001110 (base 2) in base 5?
-30344143
-49f226 (base 16) to base 13
-1008a34
Convert 35640245 (base 8) to base 7.
123300141
What is 1011010100001001100 (base 2) in base 8?
1324114
Convert 21101220120 (base 3) to base 10.
145734
474435 (base 11) to base 8
2675631
Convert 11222111020221 (base 3) to base 16.
286492
Convert 110110211200121 (base 3) to base 12.
22789a4
110101111110010110001 (base 2) to base 13
49c031
-233c1 (base 14) to base 7
-505131
1aa843 (base 14) to base 15
13bbd6
-60601 (base 9) to base 6
-504301
What is -1190100 (base 10) in base 12?
-494870
What is 306b58 (base 12) in base 16?
b92f4
Convert 891780 (base 10) to base 6.
31040340
8588288 (base 9) to base 3
22122222022222
Convert 15327216 (base 8) to base 15.
4975e9
Convert 1115542 (base 9) to base 7.
5052410
Convert -20351206 (base 7) to base 2.
-110100001011110000111
What is -10100111101110110001 (base 2) in base 9?
-1256371
What is -32040543 (base 7) in base 9?
-5088343
What is -505736 (base 11) in base 4?
-3012123330
What is -245505 (base 8) in base 3?
-11022022221
Convert 11301442 (base 6) to base 15.
6dbdb
-13033287 (base 9) to base 4
-120122112223
What is -44210422 (base 6) in base 8?
-5030556
-f51b (base 16) to base 10
-62747
Convert -52753061 (base 8) to base 5.
-10340331424
Convert -292635 (base 11) to base 4.
-1233221101
What is 3d82b6 (base 14) in base 3?
11000111012022
Convert -49144c (base 14) to base 13.
-697288
What is c9a4 (base 14) in base 6?
425140
What is 10451040 (base 6) in base 14?
83b32
What is 13151155 (base 6) in base 4?
1222010033
Convert -11010020330 (base 4) to base 16.
-14423c
What is -216511305 (base 7) in base 15?
-124a180
What is -104414234 (base 5) in base 6?
-14001111
What is -1176425 (base 10) in base 6?
-41114225
Convert 4757274 (base 8) to base 9.
2404253
What is -177017 (base 12) in base 7?
-3310651
Convert -61693d (base 15) to base 3.
-22201012002011
Convert 341b33 (base 15) to base 8.
11370373
What is 27133647 (base 9) in base 8?
62774261
Convert 2020103322 (base 4) to base 2.
10001000010011111010
-5759172 (base 10) to base 8
-25760304
-19b40c (base 16) to base 2
-110011011010000001100
-4425332 (base 9) to base 3
-11110212101002
-103011200231 (base 4) to base 15
-68c6de
Convert -131541 (base 14) to base 16.
-a05d5
Convert 27fb57 (base 16) to base 3.
11221010022012
What is -32d7b (base 14) in base 3?
-20021021010
Convert 9c6c6b (base 13) to base 9.
6857882
What is -172943 (base 16) in base 12?
-6124ab
What is -2312201001 (base 4) in base 5?
-142410320
What is -10400340 (base 5) in base 16?
-16260
Convert 3512826 (base 13) to base 4.
332130320133
What is 363208 (base 11) in base 8?
2143412
What is 7523230 (base 10) in base 15?
9d918a
What is 1001000101010100110 (base 2) in base 10?
297638
What is -35b619 (base 13) in base 15?
-1a4c42
-299574 (base 10) to base 5
-34041244
18015a (base 11) to base 10
278365
30323222231 (base 4) to base 9
6336335
What is -64bb (base 15) in base 5?
-1140301
222022202 (base 3) to base 12
b132
What is 1331312100 (base 4) in base 13?
150819
What is -2511013 (base 6) in base 14?
-36a2d
Convert 100210111020022 (base 3) to base 6.
303325355
Convert -9ba41 (base 13) to base 4.
-1011011033
What is -111333121211 (base 4) in base 16?
-57f665
What is -112122200021010 (base 3) in base 11?
-443a350
Convert -10000111110101000111 (base 2) to base 14.
-106a7d
Convert 8a3649 (base 11) to base 16.
15f766
-1001100111110011 (base 2) to base 16
-99f3
Convert -1044101122 (base 5) to base 12.
-945244
Convert 230323033 (base 5) to base 11.
641372
3103113403 (base 5) to base 6
343015435
Convert 22736000 (base 8) to base 14.
932b16
3155410 (base 7) to base 10
383677
-d967b2 (base 14) to base 2
-11100000011110000111000
What is 2111337 (base 8) in base 2?
10001001001011011111
Convert -2331304 (base 5) to base 11.
-2a0a2
What is -166631112 (base 7) in base 9?
-23608013
1352141 (base 7) to base 16
2c267
Convert 1367060 (base 11) to base 7.
25663656
Convert -2015301 (base 7) to base 9.
-404550
Convert -1ac673 (base 14) to base 4.
-3221130131
3244442140 (base 5) to base 4
122310202020
Convert 620422 (base 9) to base 13.
cb513
What is -178c99 (base 13) in base 9?
-1100561
-3212133 (base 4) to base 15
-4586
What is 3c3853 (base 13) in base 14?
2a1a7c
What is -95962 (base 12) in base 3?
-100222201202
What is -12122112002 (base 3) in base 10?
-111188
What is 6c434c (base 15) in base 8?
23601215
W